e highest common factor of 154242 and 1599?
123
Calculate the highest common divisor of 262070651 and 18357.
6119
Calculate the highest common factor of 457620 and 2868.
12
Calculate the highest common factor of 108300 and 2390.
10
Calculate the greatest common factor of 628 and 4747052.
628
What is the highest common factor of 997434880 and 205?
205
What is the highest common divisor of 180 and 14058980?
20
What is the greatest common factor of 117 and 1737385?
13
Calculate the highest common divisor of 17531 and 1518110.
373
What is the greatest common divisor of 2153276 and 756836?
1724
Calculate the highest common divisor of 1084 and 27311922.
542
Calculate the greatest common factor of 88 and 25637942.
22
What is the highest common divisor of 25948440 and 5040?
2520
What is the greatest common factor of 47 and 126744853?
47
Calculate the greatest common factor of 272422 and 64.
2
What is the highest common factor of 139732 and 11041?
181
What is the greatest common divisor of 465 and 672111?
93
What is the highest common factor of 636 and 224734098?
318
What is the highest common factor of 65835 and 1350045?
855
Calculate the highest common factor of 4659240 and 20910.
1230
What is the greatest common divisor of 90201094 and 632?
158
Calculate the greatest common divisor of 118881 and 1497649.
629
Calculate the greatest common divisor of 287971 and 1814887.
6697
Calculate the greatest common factor of 30 and 235450.
10
What is the highest common divisor of 7341833 and 679?
97
What is the greatest common divisor of 13289676 and 228?
12
Calculate the highest common divisor of 25098508 and 103604.
1756
Calculate the highest common factor of 183621806 and 118.
118
Calculate the greatest common divisor of 26332 and 1409216.
908
What is the highest common factor of 250 and 100065000?
250
Calculate the greatest common factor of 23310825 and 81075.
3525
What is the highest common divisor of 22 and 21979705?
11
What is the highest common divisor of 559 and 292513?
13
What is the highest common divisor of 430 and 241943370?
430
What is the highest common factor of 450 and 89451250?
50
Calculate the greatest common divisor of 696 and 33846.
6
What is the highest common divisor of 89110822 and 1136?
142
What is the highest common divisor of 150 and 1092465?
15
What is the highest common factor of 29971 and 12423?
41
What is the highest common divisor of 164 and 118912?
4
Calculate the greatest common factor of 44300 and 31012.
4
What is the highest common divisor of 38990 and 93347630?
5570
Calculate the greatest common factor of 575 and 454775.
25
What is the highest common factor of 56727387 and 9?
9
What is the greatest common factor of 1160 and 8191840?
40
Calculate the greatest common divisor of 1032192 and 5250.
42
Calculate the greatest common factor of 655750 and 16985.
215
Calculate the greatest common factor of 23913324 and 28044.
684
Calculate the highest common factor of 10286 and 560170.
278
What is the highest common divisor of 157618416 and 240?
48
Calculate the highest common factor of 10 and 923438710.
10
Calculate the greatest common divisor of 988 and 16978.
26
What is the highest common divisor of 452168 and 223880?
232
What is the greatest common divisor of 17796 and 6054?
6
Calculate the greatest common divisor of 6265398 and 1356.
678
Calculate the highest common divisor of 19623 and 462934.
211
Calculate the greatest common factor of 18215016 and 12528.
696
Calculate the highest common divisor of 6541 and 579793.
31
Calculate the greatest common factor of 124913576 and 9232.
4616
Calculate the greatest common divisor of 23018 and 11150867.
677
What is the greatest common factor of 470428 and 5516?
28
Calculate the greatest common divisor of 1404 and 6002958.
78
What is the highest common divisor of 210583 and 3813?
31
What is the greatest common divisor of 3379 and 13763?
1
What is the greatest common factor of 265634 and 634?
2
What is the highest common divisor of 2007 and 846731?
223
What is the greatest common divisor of 6534 and 26392014?
594
What is the greatest common divisor of 9885261 and 1003011?
2733
Calculate the highest common factor of 3124052 and 324.
4
Calculate the greatest common divisor of 38682535 and 10.
5
Calculate the highest common factor of 141284935 and 22.
11
Calculate the highest common divisor of 411864 and 1332008.
1048
Calculate the greatest common divisor of 10780 and 1822700.
220
What is the greatest common factor of 30 and 48524745?
15
Calculate the highest common divisor of 640 and 11442080.
160
Calculate the greatest common factor of 84803374 and 536.
134
Calculate the greatest common divisor of 273 and 4442991.
21
What is the greatest common factor of 1412 and 87837343?
353
Calculate the greatest common divisor of 32 and 14719312.
16
What is the greatest common divisor of 13193 and 346191?
167
Calculate the highest common divisor of 35 and 704019365.
35
Calculate the highest common divisor of 997152 and 30362.
1598
What is the greatest common divisor of 10207 and 667762?
59
What is the greatest common divisor of 1088 and 552728?
8
Calculate the greatest common factor of 112 and 63949172.
28
Calculate the greatest common factor of 40 and 2674248.
8
What is the greatest common factor of 1518 and 674553?
33
Calculate the highest common divisor of 2008 and 156368.
8
Calculate the greatest common divisor of 67586136 and 24.
24
Calculate the greatest common factor of 50 and 7090570.
10
What is the highest common factor of 159181 and 15469?
499
Calculate the greatest common divisor of 2253432 and 13428.
12
What is the greatest common factor of 3202804 and 58432?
3652
What is the greatest common factor of 264 and 32234136?
264
What is the highest common divisor of 218743049 and 5838?
973
Calculate the highest common factor of 94936446 and 1782.
198
Calculate the highest common divisor of 14847 and 146853.
147
Calculate the highest common divisor of 7628515 and 220.
5
What is the highest common divisor of 18120 and 18480?
120
What is the highest common divisor of 132 and 14061344?
44
What is the greatest common divisor of 5666 and 134525005?
2833
What is the highest common factor of 5936 and 442374464?
5936
Calculate the greatest common divisor of 12 and 528027378.
6
Calculate the greatest common divisor of 7124 and 53430.
3562
What is the greatest common divisor of 13696182 and 180?
18
Calculate the highest common divisor of 2076150 and 950.
50
What is the highest common divisor of 18045527 and 2762?
1381
What is the highest common factor of 192185163 and 5468?
1367
What is the highest common divisor of 11 and 13726317?
11
Calculate the highest common divisor of 209864 and 58030232.
5672
Calculate the highest common factor of 532353000 and 24.
24
Calculate the greatest common divisor of 10813 and 6115243.
983
What is the highest common factor of 9357750 and 13250?
250
Calculate the greatest common factor of 2056290 and 420.
30
Calculate the greatest common divisor of 28558 and 1051632.
218
Calculate the highest common factor of 608 and 182466272.
608
Calculate the greatest common factor of 2688 and 1816269.
21
Calculate the highest common divisor of 44 and 6651524.
44
Calculate the greatest common factor of 334739280 and 240.
240
What is the highest common divisor of 1106 and 2663416?
14
What is the highest common divisor of 74898 and 4696382?
2774
What is the highest common divisor of 54461520 and 16?
16
Calculate the greatest common divisor of 42161 and 16160977.
2219
Calculate the highest common divisor of 52 and 13220727.
13
What is the greatest common divisor of 20438715 and 660?
165
Calculate the highest common factor of 2548513 and 191.
191
What is the greatest common divisor of 1040 and 1219440?
80
Calculate the highest common divisor of 130 and 419640.
130
Calculate the greatest common divisor of 36271 and 774307.
1577
Calculate the highest common factor of 106 and 72190028.
106
Calculate the highest common factor of 51 and 3603855.
3
What is the greatest common divisor of 60992 and 30080?
64
Calculate the highest common divisor of 9890 and 84335986.
1978
What is the highest common factor of 1624 and 15686328?
56
What is the greatest common factor of 58836 and 59?
1
What is the greate